he units digit of 223126?
6
What is the tens digit of 1780350?
5
What is the millions digit of 8283461?
8
What is the ten thousands digit of 372926?
7
What is the units digit of 22245907?
7
What is the tens digit of 412810?
1
What is the tens digit of 654819?
1
What is the ten thousands digit of 105276?
0
What is the units digit of 1486511?
1
What is the hundred thousands digit of 673019?
6
What is the ten thousands digit of 5505578?
0
What is the units digit of 81935?
5
What is the hundred thousands digit of 1678151?
6
What is the millions digit of 1457000?
1
What is the ten thousands digit of 57965?
5
What is the ten millions digit of 25727653?
2
What is the tens digit of 5404312?
1
What is the hundreds digit of 18092872?
8
What is the thousands digit of 8222419?
2
What is the millions digit of 4271261?
4
What is the thousands digit of 2070784?
0
What is the units digit of 16408154?
4
What is the hundreds digit of 2995314?
3
What is the thousands digit of 15538459?
8
What is the units digit of 1025678?
8
What is the hundred thousands digit of 9325309?
3
What is the tens digit of 391910?
1
What is the hundred thousands digit of 25466153?
4
What is the ten thousands digit of 201758?
0
What is the units digit of 478485?
5
What is the hundreds digit of 1055553?
5
What is the tens digit of 258243?
4
What is the hundred thousands digit of 853079?
8
What is the units digit of 3030449?
9
What is the tens digit of 7481196?
9
What is the hundred thousands digit of 993701?
9
What is the thousands digit of 3218513?
8
What is the tens digit of 174335?
3
What is the thousands digit of 16938186?
8
What is the hundreds digit of 6896914?
9
What is the hundreds digit of 932897?
8
What is the tens digit of 102520?
2
What is the thousands digit of 402444?
2
What is the hundreds digit of 3229716?
7
What is the units digit of 18197548?
8
What is the ten thousands digit of 269607?
6
What is the hundreds digit of 430053?
0
What is the ten thousands digit of 1975981?
7
What is the hundred thousands digit of 3235941?
2
What is the tens digit of 10727093?
9
What is the thousands digit of 1554047?
4
What is the hundreds digit of 454448?
4
What is the units digit of 323210?
0
What is the tens digit of 13012558?
5
What is the thousands digit of 755998?
5
What is the hundreds digit of 6843831?
8
What is the hundred thousands digit of 181350?
1
What is the thousands digit of 805363?
5
What is the hundred thousands digit of 8915186?
9
What is the units digit of 2433517?
7
What is the thousands digit of 634107?
4
What is the tens digit of 3430933?
3
What is the hundreds digit of 753124?
1
What is the tens digit of 810758?
5
What is the tens digit of 7765999?
9
What is the tens digit of 555786?
8
What is the hundred thousands digit of 16485105?
4
What is the tens digit of 132457?
5
What is the hundred thousands digit of 10791402?
7
What is the ten thousands digit of 615450?
1
What is the hundreds digit of 420610?
6
What is the hundreds digit of 150460?
4
What is the ten thousands digit of 2020172?
2
What is the hundred thousands digit of 10595957?
5
What is the ten thousands digit of 5309439?
0
What is the ten thousands digit of 873504?
7
What is the units digit of 1207046?
6
What is the units digit of 13200537?
7
What is the ten thousands digit of 190837?
9
What is the units digit of 544641?
1
What is the thousands digit of 1721984?
1
What is the millions digit of 3104145?
3
What is the hundreds digit of 136426?
4
What is the ten thousands digit of 282432?
8
What is the hundreds digit of 13970199?
1
What is the hundred thousands digit of 15713417?
7
What is the ten millions digit of 13156908?
1
What is the hundred thousands digit of 4913519?
9
What is the thousands digit of 1011312?
1
What is the thousands digit of 14303391?
3
What is the hundred thousands digit of 594805?
5
What is the hundreds digit of 5110748?
7
What is the tens digit of 128061?
6
What is the units digit of 264799?
9
What is the units digit of 3499602?
2
What is the units digit of 181244?
4
What is the tens digit of 554869?
6
What is the hundreds digit of 2148806?
8
What is the hundreds digit of 4992841?
8
What is the thousands digit of 629697?
9
What is the tens digit of 1969969?
6
What is the millions digit of 2933931?
2
What is the ten thousands digit of 3852755?
5
What is the hundreds digit of 176120?
1
What is the hundreds digit of 257150?
1
What is the hundred thousands digit of 7150381?
1
What is the units digit of 188194?
4
What is the ten thousands digit of 1177933?
7
What is the ten thousands digit of 153875?
5
What is the tens digit of 5505490?
9
What is the tens digit of 836596?
9
What is the hundred thousands digit of 863125?
8
What is the tens digit of 413156?
5
What is the ten thousands digit of 3113525?
1
What is the thousands digit of 17639783?
9
What is the thousands digit of 379555?
9
What is the units digit of 24201998?
8
What is the tens digit of 1279750?
5
What is the tens digit of 6608870?
7
What is the ten thousands digit of 158063?
5
What is the millions digit of 5283755?
5
What is the millions digit of 1695801?
1
What is the tens digit of 5253662?
6
What is the ten millions digit of 17945323?
1
What is the units digit of 4409878?
8
What is the hundred thousands digit of 16871586?
8
What is the ten thousands digit of 287411?
8
What is the hundreds digit of 12880?
8
What is the tens digit of 6429715?
1
What is the units digit of 10224520?
0
What is the thousands digit of 1085459?
5
What is the hundred thousands digit of 708520?
7
What is the ten thousands digit of 919523?
1
What is the millions digit of 1430580?
1
What is the ten millions digit of 18693131?
1
What is the millions digit of 18702183?
8
What is the hundred thousands digit of 235077?
2
What is the hundred thousands digit of 226859?
2
What is the hundreds digit of 33817?
8
What is the units digit of 1735773?
3
What is the millions digit of 31504939?
1
What is the ten thousands digit of 2885914?
8
What is the tens digit of 337778?
7
What is the tens digit of 6144784?
8
What is the hundreds digit of 307789?
7
What is the hundred thousands digit of 225091?
2
What is the ten thousands digit of 2452032?
5
What is the hundreds digit of 6162876?
8
What is the thousands digit of 1496847?
6
What is the hundred thousands digit of 295715?
2
What is the tens digit of 167846?
4
What is the tens digit of 28574?
7
What is the hundred thousands digit of 1862251?
8
What is the units digit of 7742019?
9
What is the millions digit of 5744512?
5
What is the ten thousands digit of 7605265?
0
What is the hundred thousands digit of 2813837?
8
What is the units digit of 2101875?
5
What is the hundred thousands digit of 3685013?
6
What is the tens digit of 428359?
5
What is the ten thousands digit of 2491933?
9
What is the tens digit of 39539?
3
What is the millions digit of 4562759?
4
What is the ten thousands digit of 544803?
4
What is the hundreds digit of 1460781?
7
What is the tens digit of 761870?
7
What is the hundreds digit of 63734?
7
What is the thousands digit of 703506?
3
What is the ten thousands digit of 4578917?
7
What is the tens digit of 233656?
5
What is the millions digit of 2997120?
2
What is the thousands digit of 1724399?
4
What is the hundred thousands digit of 17559785?
5
What is the hundreds digit of 1707279?
2
What is the hundreds digit of 2094144?
1
What is the hundreds digit of 23968?
9
What is the hundred thousands digit of 19369431?
3
What is the units digit of 150155?
5
What is the millions digit of 1455744?
1
What is the hundred thousands digit of 387543?
3
What is the ten thousands digit of 480486?
8
What is the hundreds digit of 544919?
9
What is the hundreds digit of 63798?
7
What is the hundred thousands digit of 477680?
4
What is the thousands digit of 74571?
4
What is the ten thousands digit of 12036670?
3
What is the hundreds digit of 2237639?
6
What is the tens digit of 20607034?
3
What is the thousands digit of 182719?
2
What is the units digit of 612736?
6
What is the ten thousands digit of 162079?
6
What is the tens digit of 2004256?
5
What is the millions digit of 8567139?
8
What is the ten thousands digit of 4962810?
6
What is the units digit of 4147280?
0
What is the thousands digit of 4431839?